 base 10, what is -6425011 + 1?
-6425010
In base 2, what is 1011100111111 + -111100101?
1010101011010
In base 12, what is a418 + 13?
a42b
In base 12, what is -5966a68 + 12?
-5966a56
In base 2, what is -100 - 100110110101101001001110?
-100110110101101001010010
In base 13, what is 5 + -49ab5a8?
-49ab5a3
In base 16, what is -a987e - -3b?
-a9843
In base 3, what is -2121 + 21120100021?
21120020200
In base 2, what is -10010000111101011 + 1110110?
-10010000101110101
In base 11, what is -5 - 72a03991?
-72a03996
In base 3, what is 221022021211012 + -102?
221022021210210
In base 8, what is 601306 + -3021?
576265
In base 8, what is -2270034 - -1?
-2270033
In base 15, what is 36539141 + 1?
36539142
In base 8, what is 2430532 + 14?
2430546
In base 8, what is 54 + -1127052?
-1126776
In base 7, what is -144 + -163330?
-163504
In base 11, what is 465942 - 33?
46590a
In base 11, what is 91 - -63778?
63859
In base 12, what is -8 - 1326880?
-1326888
In base 3, what is -1101112102021 + -1012?
-1101112110110
In base 14, what is 399958 + 4?
39995c
In base 10, what is 87274108 + 4?
87274112
In base 16, what is 0 + 10490d8?
10490d8
In base 7, what is 2325 - 116422?
-114064
In base 8, what is -5 + 24101251?
24101244
In base 11, what is 37 + -8727893?
-8727857
In base 13, what is 44c2 - -1a?
450c
In base 8, what is 0 + 4143424?
4143424
In base 4, what is 12211310020 + -13112?
12211230302
In base 5, what is 223401 + 22341?
301242
In base 8, what is 2 + 110044437?
110044441
In base 12, what is 13b7 + -178?
123b
In base 7, what is -4 - 13110466?
-13110503
In base 12, what is 88 - 5a4b79?
-5a4ab1
In base 14, what is 212d9 + 40c?
21707
In base 15, what is 0 - 1c27b7c?
-1c27b7c
In base 12, what is 2a7a738 + -5?
2a7a733
In base 5, what is 0 + -1102331143412?
-1102331143412
In base 4, what is -131310210022 + -101?
-131310210123
In base 15, what is -327 + 6c1a7?
6bd80
In base 10, what is -205 + 66582?
66377
In base 7, what is 320 + 115204536?
115205156
In base 12, what is -33 - -50830?
507b9
In base 15, what is -73 - 15d47?
-15dba
In base 8, what is 2 - -30320267?
30320271
In base 5, what is 21 - -14144304322?
14144304343
In base 9, what is 34 - -22247?
22282
In base 5, what is -4410 - 221141?
-231101
In base 8, what is 2 + 2263161535?
2263161537
In base 11, what is -5 + -41905068?
-41905072
In base 11, what is -9420a - -427?
-93893
In base 9, what is 4 + 21704780?
21704784
In base 3, what is 20212122 + 11212020?
102201212
In base 10, what is -1099215 + 1?
-1099214
In base 6, what is 3 - 151254512?
-151254505
In base 14, what is -1769b55 + -15?
-1769b6a
In base 11, what is -5 - -104837645?
104837640
In base 12, what is 6818b9 + a?
681907
In base 3, what is -21110011211 + 102122?
-21102202012
In base 15, what is -767cd6 - -b?
-767cca
In base 14, what is b86ba + 50?
b872a
In base 9, what is -1 - -264840554?
264840553
In base 9, what is -165062432 - -11?
-165062421
In base 5, what is -21 - 42343141?
-42343212
In base 3, what is 2111 - 10102012220?
-10102010102
In base 12, what is -1101994 + -183?
-1101b57
In base 15, what is 200db - -13c?
20228
In base 12, what is -104 - -b3415?
b3311
In base 12, what is -4b66a0 + -10?
-4b66b0
In base 10, what is -36 + -10017699?
-10017735
In base 3, what is 212 + 20001100102102?
20001100110021
In base 9, what is -5 - 2374314?
-2374320
In base 5, what is -101001220 - -31?
-101001134
In base 5, what is -2023 - -24213222?
24211144
In base 15, what is 214d + 6a4?
2802
In base 7, what is -512050 - 10440?
-522520
In base 11, what is 1a9 + -135307?
-135109
In base 9, what is 8323217 - 0?
8323217
In base 9, what is -10280448 + 33?
-10280415
In base 16, what is -34c02f5 + -2?
-34c02f7
In base 16, what is -e2236 - -2?
-e2234
In base 11, what is -aa59a63 + 59?
-aa59a05
In base 15, what is -2e3d5d - -8c?
-2e3cc1
In base 11, what is 217265 + -1?
217264
In base 3, what is 21210200002201 - 111?
21210200002020
In base 9, what is 1173106285 - 5?
1173106280
In base 16, what is 7c38 + -12?
7c26
In base 3, what is -10022202000022 - 102?
-10022202000201
In base 13, what is -4 - -259898?
259894
In base 13, what is -5 - 4cb7c04?
-4cb7c09
In base 9, what is 5 + -15714408?
-15714403
In base 4, what is -2201130332220 + 10?
-2201130332210
In base 15, what is 514 + -1c7d?
-1769
In base 12, what is -246194 - 0?
-246194
In base 11, what is -1 - 1aa5549?
-1aa554a
In base 3, what is 102121122112021201 - 12?
102121122112021112
In base 8, what is 103520 - 1406?
102112
In base 15, what is -c5 + -18956?
-18a2b
In base 3, what is 20 - -2210022112201?
2210022112221
In base 8, what is 23641 - -24042?
47703
In base 6, what is -101 + 24440102?
24440001
In base 7, what is -366416 + -1611?
-401330
In base 9, what is -304070 - 3188?
-307268
In base 14, what is 0 - -2300c3?
2300c3
In base 7, what is 61160654 - -2?
61160656
In base 13, what is -3743 + -10c31?
-14674
In base 15, what is b3518 - -1d?
b3536
In base 12, what is 1563383 - -5b?
1563422
In base 9, what is 0 - 4704567?
-4704567
In base 16, what is -4 - -1003b642?
1003b63e
In base 3, what is -221022122 + 100122?
-220222000
In base 10, what is -4 - -57213361?
57213357
In base 12, what is 5987a + b59?
5a817
In base 9, what is -132816 + -8045?
-141862
In base 2, what is 101001100000011 + -10?
101001100000001
In base 12, what is 0 - -104a4?
104a4
In base 10, what is 36758075 - 3?
36758072
In base 2, what is 11011010 - 10100001100010100011?
-10100001011111001001
In base 6, what is -1535325 - 2220?
-1541545
In base 5, what is -22303 - -20202?
-2101
In base 13, what is 16 + 8baca70?
8baca86
In base 10, what is -2 - -96327326?
96327324
In base 15, what is 7711 + 5496?
cba7
In base 13, what is -634962 + 9c?
-634893
In base 7, what is -5254 - 104406?
-112663
In base 11, what is 588611 - -5?
588616
In base 8, what is 323 + -55560?
-55235
In base 8, what is -221446105 + 0?
-221446105
In base 2, what is 1000111 + 101010010000111?
101010011001110
In base 16, what is -6ff2aa - -4?
-6ff2a6
In base 16, what is -16 + 1c7603?
1c75ed
In base 15, what is -4 + -9b5a7?
-9b5ab
In base 11, what is -7730 - 908?
-8538
In base 14, what is 6508 + 4b2?
69ba
In base 6, what is -24202120 + -5?
-24202125
In base 4, what is -221223311121 - 22?
-221223311203
In base 9, what is -5 + 11177271?
11177265
In base 4, what is 1023102 + -232230?
130212
In base 4, what is 1203 + -220321233?
-220320030
In base 9, what is 47381 - 18?
47362
In base 13, what is -2a7c9679 - -4?
-2a7c9675
In base 16, what is 1abf92 + -32?
1abf60
In base 4, what is 2102002 - -130133333?
132302001
In base 5, what is -24004221 + -123?
-24004344
In base 16, what is 1a96 + fa5?
2a3b
In base 4, what is -110321 - -321110?
210123
In base 3, what is 10 - -20202211202011?
20202211202021
In base 4, what is 210001 + 331111?
1201112
In base 13, what is 13624133 + 0?
13624133
In base 11, what is 412 - 4952a?
-49118
In base 10, what is 97 - 540905?
-540808
In base 2, what is 100110010010001001100 + -101?
100110010010001000111
In base 11, what is -68a + 1a789?
1a0aa
In base 15, what is 4 + -20c70bd?
-20c70b9
In base 12, what is -73988438 + 0?
-73988438
In base 6, what is 10350 - -411044?
421434
In base 15, what is -11 - 3480bb?
-3480cc
In base 8, what is -1 - -3072363?
3072362
In base 4, what is 3001111102 - 1302?
3001103200
In base 3, what is 10201 - -111021101221?
111021112122
In base 7, what is -4456 + -30433?
-35222
In base 6, what is 3435 - -140334?
144213
In base 15, what is -5 - 1854524?
-1854529
In base 11, what is -25840 + 1594?
-24257
In base 9, what is -5125 + -612?
-5737
In base 16, what is 16e + 12bcf6?
12be64
In base 5, what is 103001 + -24341?
23110
In base 16, what is -301bc - 11b?
-302d7
In base 13, what is 4 - 34b053?
-34b04c
In base 11, what is -744 + -121352?
-121a96
In base 14, what is -7b54 - -b3?
-7a81
In base 8, what is 5514 - -7512?
15226
In base 8, what is 1404276 - -6?
1404304
In base 4, what is -120222 - 1331021120?
-1331202002
In base 3, what is -22102122 - -22110121?
222
In base 9, what is -212771 - -4?
-212766
In base 16, what is -19a5dab - -4?
-19a5da7
In base 7, what is -316566 - -51?
-316515
In base 13, what is -25 - -20a797?
20a772
In base 7, what is -13426 + -5042?
-21501
In base 13, what is 33b77c8 - -2?
33b77ca
In base 15, what is -2 - -2579edc?
2579eda
In base 16, what is